{"id":529,"date":"2022-08-30T11:30:00","date_gmt":"2022-08-30T10:30:00","guid":{"rendered":"https:\/\/jecsofa.fr\/?page_id=529"},"modified":"2026-04-01T16:20:27","modified_gmt":"2026-04-01T15:20:27","slug":"cars-for-sale","status":"publish","type":"page","link":"https:\/\/jecsofa.fr\/?page_id=529","title":{"rendered":"For Sale \/ \u00e0 vendre"},"content":{"rendered":"\n<p><strong>2026<\/strong><\/p>\n\n\n\n<figure class=\"wp-block-image size-large\"><a href=\"https:\/\/jecsofa.fr\/wp-content\/uploads\/2026\/04\/image-2-scaled.png\"><img loading=\"lazy\" decoding=\"async\" width=\"1024\" height=\"578\" src=\"https:\/\/jecsofa.fr\/wp-content\/uploads\/2026\/04\/image-2-1024x578.png\" alt=\"\" class=\"wp-image-3965\" srcset=\"https:\/\/jecsofa.fr\/wp-content\/uploads\/2026\/04\/image-2-1024x578.png 1024w, https:\/\/jecsofa.fr\/wp-content\/uploads\/2026\/04\/image-2-300x169.png 300w, https:\/\/jecsofa.fr\/wp-content\/uploads\/2026\/04\/image-2-768x434.png 768w, https:\/\/jecsofa.fr\/wp-content\/uploads\/2026\/04\/image-2-1536x867.png 1536w, https:\/\/jecsofa.fr\/wp-content\/uploads\/2026\/04\/image-2-2048x1157.png 2048w\" sizes=\"auto, (max-width: 1024px) 100vw, 1024px\" \/><\/a><\/figure>\n\n\n\n<p><strong>JAGUAR X 350 FOR SALE<\/strong><\/p>\n\n\n\n<p>I&nbsp;am selling my jaguar XJ 3 litre V6<\/p>\n\n\n\n<p>registered in 09\/2004, RHD<\/p>\n\n\n\n<p>I have had it since 2017, in stunning RADIANCE red<\/p>\n\n\n\n<p>Runs smoothly, has run107 000 miles, with 9,5 L\/100km<\/p>\n\n\n\n<p>Beautiful condition, kept in closed garage with indoor car cover<\/p>\n\n\n\n<p>selling price 8500 euros<\/p>\n\n\n\n<p>Enquiries<\/p>\n\n\n\n<p>+ 33 6 37 67 57 01<\/p>\n\n\n\n<p>by SMS<\/p>\n\n\n\n<p>more pictures available<\/p>\n\n\n\n<p>===================================================<\/p>\n\n\n\n<figure class=\"wp-block-image size-large\"><a href=\"https:\/\/jecsofa.fr\/wp-content\/uploads\/2026\/03\/image-scaled.png\"><img loading=\"lazy\" decoding=\"async\" width=\"1024\" height=\"768\" src=\"https:\/\/jecsofa.fr\/wp-content\/uploads\/2026\/03\/image-1024x768.png\" alt=\"\" class=\"wp-image-3958\" srcset=\"https:\/\/jecsofa.fr\/wp-content\/uploads\/2026\/03\/image-1024x768.png 1024w, https:\/\/jecsofa.fr\/wp-content\/uploads\/2026\/03\/image-300x225.png 300w, https:\/\/jecsofa.fr\/wp-content\/uploads\/2026\/03\/image-768x576.png 768w, https:\/\/jecsofa.fr\/wp-content\/uploads\/2026\/03\/image-1536x1152.png 1536w, https:\/\/jecsofa.fr\/wp-content\/uploads\/2026\/03\/image-2048x1536.png 2048w\" sizes=\"auto, (max-width: 1024px) 100vw, 1024px\" \/><\/a><\/figure>\n\n\n\n<p><strong>4.0L Daimler Sovereign XJ40 1990<\/strong><\/p>\n\n\n\n<p>151,000 Miles<\/p>\n\n\n\n<p>Regularly serviced with large history file . No mechanical faults<\/p>\n\n\n\n<p>Outstanding overall condition with no evidence of body corrosion.<\/p>\n\n\n\n<p>FFVE Registered<\/p>\n\n\n\n<p>Factory fittings include, Adjustable Electric Front Seats, Air Conditioning and Climate Control<\/p>\n\n\n\n<p>Electric Mirrors, Windows and Sunroof. Central Locking, Power Steering, ABS Brakes. Automatic with sport mode.<\/p>\n\n\n\n<p>All equipment working with no faults. Recent major overhaul of rear suspension with new Bilstein Shocks, New Subframe and Diff Support Brushes<\/p>\n\n\n\n<p>Only 4 owners from new, first, registered in France 2009. For sale due to returning to the UK<\/p>\n\n\n\n<p>Give away price of 4,000 euro. Enquiry\u2019s to&nbsp;fabspecltd@gmail.com. Or telephone 07737482267<\/p>\n\n\n\n<p>(UK phone) or 0749737216 . View near Oradour sur Vayres 87150. Photos available on request<\/p>\n\n\n\n<p>===================================================<\/p>\n\n\n\n<figure class=\"wp-block-image size-full\"><a href=\"https:\/\/jecsofa.fr\/wp-content\/uploads\/2026\/03\/GE-362-MD-.jpg\"><img loading=\"lazy\" decoding=\"async\" width=\"960\" height=\"792\" src=\"https:\/\/jecsofa.fr\/wp-content\/uploads\/2026\/03\/GE-362-MD-.jpg\" alt=\"\" class=\"wp-image-3954\" srcset=\"https:\/\/jecsofa.fr\/wp-content\/uploads\/2026\/03\/GE-362-MD-.jpg 960w, https:\/\/jecsofa.fr\/wp-content\/uploads\/2026\/03\/GE-362-MD--300x248.jpg 300w, https:\/\/jecsofa.fr\/wp-content\/uploads\/2026\/03\/GE-362-MD--768x634.jpg 768w\" sizes=\"auto, (max-width: 960px) 100vw, 960px\" \/><\/a><\/figure>\n\n\n\n<p><\/p>\n\n\n\n<p><strong>2016 FORD MUSTANG 5.0 GT COUPE<\/strong><\/p>\n\n\n\n<p><strong>It is with some sadness that I am selling our beautiful 2016 Ford Mustang 5.0 GT Coupe which I have owned since 2021. It has only completed 57,000 km and is in beautiful condition inside and out. The engine bay is also spotless. It has a 6-speed manual gearbox and all the usual extras including Apple Car Play.<\/strong><\/p>\n\n\n\n<p><strong>It is finished in Shadow Black with Matt Black double stripe and black leather interior. It will be sold with a full 2-year C.T. On a recent drive to Southern Spain the car returned 9.7 litres per 100km so it can be very economical too.<\/strong><\/p>\n\n\n\n<p><strong>Please contact me if you are interested and I can give you full details as well as send a full set of photographs from all angles. The price is a very competitive 37,500 euros.<\/strong><\/p>\n\n\n\n<p><strong>C&#8217;est avec un peu de regret que je mets en vente notre magnifique Ford Mustang 5.0 GT Coup\u00e9 de 2016, que je poss\u00e8de depuis 2021. Elle n&#8217;affiche que 57 000 km au compteur et est en excellent \u00e9tat, tant \u00e0 l&#8217;int\u00e9rieur qu&#8217;\u00e0 l&#8217;ext\u00e9rieur. Le compartiment moteur est \u00e9galement impeccable. Elle est \u00e9quip\u00e9e d&#8217;une bo\u00eete de vitesses manuelle \u00e0 6 rapports et de toutes les options habituelles, y compris Apple CarPlay.<\/strong><\/p>\n\n\n\n<p><strong>Elle est de couleur Shadow Black avec une double bande noire mate et un int\u00e9rieur en cuir noir. Elle sera vendue avec un contr\u00f4le technique valable 2 ans. Lors d&#8217;un r\u00e9cent trajet vers le sud de l&#8217;Espagne, la voiture a consomm\u00e9 9,7 litres aux 100 km, ce qui prouve qu&#8217;elle est \u00e9galement tr\u00e8s \u00e9conomique.<\/strong><\/p>\n\n\n\n<p><strong>N&#8217;h\u00e9sitez pas \u00e0 me contacter si vous \u00eates int\u00e9ress\u00e9 ; je pourrai vous fournir tous les d\u00e9tails ainsi qu&#8217;une s\u00e9rie compl\u00e8te de photos sous tous les angles. Le prix est tr\u00e8s comp\u00e9titif : 37 500 euros.<\/strong><\/p>\n\n\n\n<p><strong>Please contact John Sharp<\/strong><\/p>\n\n\n\n<p><a href=\"mailto:jsharp.s48@btinternet.com\"><strong>jsharp.s48@btinternet.com<\/strong><\/a><\/p>\n\n\n\n<p><a href=\"mailto:sharpie0061@gmail.com\"><strong>sharpie0061@gmail.com<\/strong><\/a><\/p>\n\n\n\n<p><strong>0044 7966 776678&nbsp; or&nbsp; 07 45 16 80 55<\/strong><\/p>\n\n\n\n<p><strong>Located in 16320 La Rochebeaucourt \/ Edon border<\/strong><\/p>\n\n\n\n<p>===================================================<\/p>\n\n\n\n<p>For sale a set of 4 Jaguar alloy wheels in good condition, will fit an XJS or an XJ40. Five spoke, silver grey finish.<\/p>\n\n\n\n<p>Size 7J x 16ch x 28.5, part number CCC4943\/1<\/p>\n\n\n\n<p>Include 4 tyres &#8211; Ziex ZE310 Ecorun 225\/55R16 99W Extra Load, good condition, 6mm of tread.<\/p>\n\n\n\n<p>Available in the Charente Maritime near St. Jean d&#8217;Angely, buyer collects. <\/p>\n\n\n\n<p><strong>Price \u20ac350<\/strong><\/p>\n\n\n\n<p>Contact John on e-mail&nbsp;<a href=\"mailto:jomo366@outlook.com\">jomo366@outlook.com<\/a>,&nbsp; or mobile 0688167822<\/p>\n\n\n\n<figure class=\"wp-block-image size-large\"><a href=\"https:\/\/jecsofa.fr\/wp-content\/uploads\/2026\/03\/4-wheels-P1060215.png\"><img loading=\"lazy\" decoding=\"async\" width=\"1024\" height=\"768\" src=\"https:\/\/jecsofa.fr\/wp-content\/uploads\/2026\/03\/4-wheels-P1060215-1024x768.png\" alt=\"\" class=\"wp-image-3944\" srcset=\"https:\/\/jecsofa.fr\/wp-content\/uploads\/2026\/03\/4-wheels-P1060215-1024x768.png 1024w, https:\/\/jecsofa.fr\/wp-content\/uploads\/2026\/03\/4-wheels-P1060215-300x225.png 300w, https:\/\/jecsofa.fr\/wp-content\/uploads\/2026\/03\/4-wheels-P1060215-768x576.png 768w, https:\/\/jecsofa.fr\/wp-content\/uploads\/2026\/03\/4-wheels-P1060215-1536x1152.png 1536w, https:\/\/jecsofa.fr\/wp-content\/uploads\/2026\/03\/4-wheels-P1060215.png 2048w\" sizes=\"auto, (max-width: 1024px) 100vw, 1024px\" \/><\/a><\/figure>\n\n\n\n<figure class=\"wp-block-image size-large\"><a href=\"https:\/\/jecsofa.fr\/wp-content\/uploads\/2026\/03\/WheelC-P1060218.png\"><img loading=\"lazy\" decoding=\"async\" width=\"1024\" height=\"768\" src=\"https:\/\/jecsofa.fr\/wp-content\/uploads\/2026\/03\/WheelC-P1060218-1024x768.png\" alt=\"\" class=\"wp-image-3948\" srcset=\"https:\/\/jecsofa.fr\/wp-content\/uploads\/2026\/03\/WheelC-P1060218-1024x768.png 1024w, https:\/\/jecsofa.fr\/wp-content\/uploads\/2026\/03\/WheelC-P1060218-300x225.png 300w, https:\/\/jecsofa.fr\/wp-content\/uploads\/2026\/03\/WheelC-P1060218-768x576.png 768w, https:\/\/jecsofa.fr\/wp-content\/uploads\/2026\/03\/WheelC-P1060218-1536x1152.png 1536w, https:\/\/jecsofa.fr\/wp-content\/uploads\/2026\/03\/WheelC-P1060218.png 2048w\" sizes=\"auto, (max-width: 1024px) 100vw, 1024px\" \/><\/a><\/figure>\n\n\n\n<figure class=\"wp-block-image size-large\"><a href=\"https:\/\/jecsofa.fr\/wp-content\/uploads\/2026\/03\/WheelB-P1060217.png\"><img loading=\"lazy\" decoding=\"async\" width=\"1024\" height=\"768\" src=\"https:\/\/jecsofa.fr\/wp-content\/uploads\/2026\/03\/WheelB-P1060217-1024x768.png\" alt=\"\" class=\"wp-image-3947\" srcset=\"https:\/\/jecsofa.fr\/wp-content\/uploads\/2026\/03\/WheelB-P1060217-1024x768.png 1024w, https:\/\/jecsofa.fr\/wp-content\/uploads\/2026\/03\/WheelB-P1060217-300x225.png 300w, https:\/\/jecsofa.fr\/wp-content\/uploads\/2026\/03\/WheelB-P1060217-768x576.png 768w, https:\/\/jecsofa.fr\/wp-content\/uploads\/2026\/03\/WheelB-P1060217-1536x1152.png 1536w, https:\/\/jecsofa.fr\/wp-content\/uploads\/2026\/03\/WheelB-P1060217.png 2048w\" sizes=\"auto, (max-width: 1024px) 100vw, 1024px\" \/><\/a><\/figure>\n\n\n\n<figure class=\"wp-block-image size-large\"><a href=\"https:\/\/jecsofa.fr\/wp-content\/uploads\/2026\/03\/WheelA-P1060216.png\"><img loading=\"lazy\" decoding=\"async\" width=\"1024\" height=\"768\" src=\"https:\/\/jecsofa.fr\/wp-content\/uploads\/2026\/03\/WheelA-P1060216-1024x768.png\" alt=\"\" class=\"wp-image-3946\" srcset=\"https:\/\/jecsofa.fr\/wp-content\/uploads\/2026\/03\/WheelA-P1060216-1024x768.png 1024w, https:\/\/jecsofa.fr\/wp-content\/uploads\/2026\/03\/WheelA-P1060216-300x225.png 300w, https:\/\/jecsofa.fr\/wp-content\/uploads\/2026\/03\/WheelA-P1060216-768x576.png 768w, https:\/\/jecsofa.fr\/wp-content\/uploads\/2026\/03\/WheelA-P1060216-1536x1152.png 1536w, https:\/\/jecsofa.fr\/wp-content\/uploads\/2026\/03\/WheelA-P1060216.png 2048w\" sizes=\"auto, (max-width: 1024px) 100vw, 1024px\" \/><\/a><\/figure>\n\n\n\n<figure class=\"wp-block-image size-large\"><a href=\"https:\/\/jecsofa.fr\/wp-content\/uploads\/2026\/03\/Wheel-C-P1060219.png\"><img loading=\"lazy\" decoding=\"async\" width=\"1024\" height=\"768\" src=\"https:\/\/jecsofa.fr\/wp-content\/uploads\/2026\/03\/Wheel-C-P1060219-1024x768.png\" alt=\"\" class=\"wp-image-3945\" srcset=\"https:\/\/jecsofa.fr\/wp-content\/uploads\/2026\/03\/Wheel-C-P1060219-1024x768.png 1024w, https:\/\/jecsofa.fr\/wp-content\/uploads\/2026\/03\/Wheel-C-P1060219-300x225.png 300w, https:\/\/jecsofa.fr\/wp-content\/uploads\/2026\/03\/Wheel-C-P1060219-768x576.png 768w, https:\/\/jecsofa.fr\/wp-content\/uploads\/2026\/03\/Wheel-C-P1060219-1536x1152.png 1536w, https:\/\/jecsofa.fr\/wp-content\/uploads\/2026\/03\/Wheel-C-P1060219.png 2048w\" sizes=\"auto, (max-width: 1024px) 100vw, 1024px\" \/><\/a><\/figure>\n\n\n\n<p><strong>2024<\/strong><\/p>\n\n\n\n<p>Jaguar S-Type 3.8 from 1966. French registered with experts report. Drives well but needs some bodywork attention. For more photos and a copy of the report contact Jonathan Benn at <a href=\"mailto:jbenn@mac.com\">jbenn@mac.com<\/a> &#8211; offered for sale with offers in the high &#8216;teens&nbsp;.<\/p>\n\n\n<div class=\"wp-block-image\">\n<figure class=\"aligncenter size-full is-resized\"><a href=\"https:\/\/jecsofa.fr\/wp-content\/uploads\/2024\/11\/IMG_7682.jpg\"><img loading=\"lazy\" decoding=\"async\" width=\"640\" height=\"480\" src=\"https:\/\/jecsofa.fr\/wp-content\/uploads\/2024\/11\/IMG_7682.jpg\" alt=\"\" class=\"wp-image-3620\" style=\"width:305px;height:auto\" srcset=\"https:\/\/jecsofa.fr\/wp-content\/uploads\/2024\/11\/IMG_7682.jpg 640w, https:\/\/jecsofa.fr\/wp-content\/uploads\/2024\/11\/IMG_7682-300x225.jpg 300w\" sizes=\"auto, (max-width: 640px) 100vw, 640px\" \/><\/a><\/figure><\/div>\n\n<div class=\"wp-block-image\">\n<figure class=\"aligncenter size-full is-resized\"><a href=\"https:\/\/jecsofa.fr\/wp-content\/uploads\/2024\/11\/IMG_7683.jpg\"><img loading=\"lazy\" decoding=\"async\" width=\"640\" height=\"480\" src=\"https:\/\/jecsofa.fr\/wp-content\/uploads\/2024\/11\/IMG_7683.jpg\" alt=\"\" class=\"wp-image-3619\" style=\"width:312px;height:auto\" srcset=\"https:\/\/jecsofa.fr\/wp-content\/uploads\/2024\/11\/IMG_7683.jpg 640w, https:\/\/jecsofa.fr\/wp-content\/uploads\/2024\/11\/IMG_7683-300x225.jpg 300w\" sizes=\"auto, (max-width: 640px) 100vw, 640px\" \/><\/a><\/figure><\/div>\n\n\n<p>===================================================<\/p>\n\n\n\n<p><\/p>\n\n\n\n<p>For&nbsp; Sale: Flying jacket, size 40&#8243; dark brown in heavyweight leather. Lining in mid brown cotton. English made by Aviation Leather Craft. Believed to be to RAF specification with facility for attaching military rank to the right hand side. Worn only three times, unmarked, in excellent condition, like new. \u20ac190<\/p>\n\n\n\n<p>Available in the Charente Maritime, France. Contact &#8211; John Mooyman at: <a href=\"mailto:NicholasJohn365@outlook.com\" target=\"_blank\" rel=\"noreferrer noopener\">NicholasJohn365@outlook.com<\/a>       0033 88 16 78 22<\/p>\n\n\n<div class=\"wp-block-image\">\n<figure class=\"aligncenter size-full is-resized\"><a href=\"https:\/\/jecsofa.fr\/wp-content\/uploads\/2024\/10\/P1050814.jpg\"><img loading=\"lazy\" decoding=\"async\" width=\"1000\" height=\"750\" src=\"https:\/\/jecsofa.fr\/wp-content\/uploads\/2024\/10\/P1050814.jpg\" alt=\"\" class=\"wp-image-3607\" style=\"width:263px;height:auto\" srcset=\"https:\/\/jecsofa.fr\/wp-content\/uploads\/2024\/10\/P1050814.jpg 1000w, https:\/\/jecsofa.fr\/wp-content\/uploads\/2024\/10\/P1050814-300x225.jpg 300w, https:\/\/jecsofa.fr\/wp-content\/uploads\/2024\/10\/P1050814-768x576.jpg 768w\" sizes=\"auto, (max-width: 1000px) 100vw, 1000px\" \/><\/a><\/figure><\/div>\n\n<div class=\"wp-block-image\">\n<figure class=\"aligncenter size-full is-resized\"><a href=\"https:\/\/jecsofa.fr\/wp-content\/uploads\/2024\/10\/P1050813.jpg\"><img loading=\"lazy\" decoding=\"async\" width=\"1000\" height=\"750\" src=\"https:\/\/jecsofa.fr\/wp-content\/uploads\/2024\/10\/P1050813.jpg\" alt=\"\" class=\"wp-image-3606\" style=\"width:264px;height:auto\" srcset=\"https:\/\/jecsofa.fr\/wp-content\/uploads\/2024\/10\/P1050813.jpg 1000w, https:\/\/jecsofa.fr\/wp-content\/uploads\/2024\/10\/P1050813-300x225.jpg 300w, https:\/\/jecsofa.fr\/wp-content\/uploads\/2024\/10\/P1050813-768x576.jpg 768w\" sizes=\"auto, (max-width: 1000px) 100vw, 1000px\" \/><\/a><\/figure><\/div>\n\n\n<p>===================================================<\/p>\n\n\n\n<p><strong>2023<\/strong><\/p>\n\n\n\n<p>Regrettably due to ill health I have just sold my E Type so no longer have a Jaguar. The E still required some work which I was unable to finish, so I now have some E Type parts to sell. They include: both original exhaust manifolds together with new stainless down pipes; original starter motor; both \u201ccherry bombs\u201d in usable condition; bell housing; triple SU\u2019s; new triple inlet manifold. I would like the going prices for these as I am sure I can sell them on eBay.<\/p>\n\n\n\n<p>Contact John Todd at <a href=\"mailto:j.todd@orange.fr\">j.todd@orange.fr<\/a> <\/p>\n\n\n\n<p>===================================================<\/p>\n\n\n<div class=\"wp-block-image\">\n<figure class=\"aligncenter size-medium\"><a href=\"https:\/\/jecsofa.fr\/wp-content\/uploads\/2023\/03\/XJ6-4.2.jpg\"><img loading=\"lazy\" decoding=\"async\" width=\"300\" height=\"182\" src=\"https:\/\/jecsofa.fr\/wp-content\/uploads\/2023\/03\/XJ6-4.2-300x182.jpg\" alt=\"\" class=\"wp-image-3274\" srcset=\"https:\/\/jecsofa.fr\/wp-content\/uploads\/2023\/03\/XJ6-4.2-300x182.jpg 300w, https:\/\/jecsofa.fr\/wp-content\/uploads\/2023\/03\/XJ6-4.2-1024x622.jpg 1024w, https:\/\/jecsofa.fr\/wp-content\/uploads\/2023\/03\/XJ6-4.2-768x467.jpg 768w, https:\/\/jecsofa.fr\/wp-content\/uploads\/2023\/03\/XJ6-4.2.jpg 1177w\" sizes=\"auto, (max-width: 300px) 100vw, 300px\" \/><\/a><\/figure><\/div>\n\n\n<p>A friend of mine has a 1976 Jaguar XJ6 4.2 for sale.&nbsp; I think it\u2019s been stored for few years and doesn\u2019t have a CT, but seems in reasonably good condition.&nbsp; He did say the aircon doesn\u2019t work but the brakes are new.&nbsp; Other than that I don\u2019t know very much but can put anyone in touch if they\u2019re interested. He\u2019s asking 7500\u20ac and might be open to some negotiation. It is (as far as I know) an original French vehicle, LHD and French registered.&nbsp; It\u2019s still on the traditional format plates, 8764 WN 24, which will change to the new format on transfer of course.&nbsp; It is owned by a professional garagiste friend of mine who bought it off the previous owner.&nbsp; As such, the carte grise shows the previous owner with \u201cVendue\u201d written across it and it comes with the Certificat de Cession.<\/p>\n\n\n\n<p>If anyone is interested I can put them in touch and the car is located in 16347 Saint Romain.<\/p>\n\n\n\n<p>Jonathan Fitton  05 45 98 08 45  <a rel=\"noreferrer noopener\" href=\"mailto:fitton.jonathan@orange.fr\" target=\"_blank\">fitton.jonathan@orange.fr<\/a><\/p>\n","protected":false},"excerpt":{"rendered":"<p>2026 JAGUAR X 350 FOR SALE I&nbsp;am selling my jaguar XJ 3 litre V6 registered in 09\/2004, RHD I have had it since 2017, in stunning RADIANCE red Runs smoothly, has run107 000 miles, with 9,5 L\/100km Beautiful condition, kept in closed garage with indoor car cover selling price 8500 euros Enquiries + 33 6 &hellip; <a href=\"https:\/\/jecsofa.fr\/?page_id=529\" class=\"more-link\">Continue reading <span class=\"screen-reader-text\">For Sale \/ \u00e0 vendre<\/span> <span class=\"meta-nav\">&rarr;<\/span><\/a><\/p>\n","protected":false},"author":1,"featured_media":0,"parent":0,"menu_order":0,"comment_status":"closed","ping_status":"closed","template":"","meta":{"footnotes":""},"class_list":["post-529","page","type-page","status-publish","hentry"],"_links":{"self":[{"href":"https:\/\/jecsofa.fr\/index.php?rest_route=\/wp\/v2\/pages\/529","targetHints":{"allow":["GET"]}}],"collection":[{"href":"https:\/\/jecsofa.fr\/index.php?rest_route=\/wp\/v2\/pages"}],"about":[{"href":"https:\/\/jecsofa.fr\/index.php?rest_route=\/wp\/v2\/types\/page"}],"author":[{"embeddable":true,"href":"https:\/\/jecsofa.fr\/index.php?rest_route=\/wp\/v2\/users\/1"}],"replies":[{"embeddable":true,"href":"https:\/\/jecsofa.fr\/index.php?rest_route=%2Fwp%2Fv2%2Fcomments&post=529"}],"version-history":[{"count":50,"href":"https:\/\/jecsofa.fr\/index.php?rest_route=\/wp\/v2\/pages\/529\/revisions"}],"predecessor-version":[{"id":3967,"href":"https:\/\/jecsofa.fr\/index.php?rest_route=\/wp\/v2\/pages\/529\/revisions\/3967"}],"wp:attachment":[{"href":"https:\/\/jecsofa.fr\/index.php?rest_route=%2Fwp%2Fv2%2Fmedia&parent=529"}],"curies":[{"name":"wp","href":"https:\/\/api.w.org\/{rel}","templated":true}]}}