{"id":3496,"date":"2023-11-07T15:57:33","date_gmt":"2023-11-07T14:57:33","guid":{"rendered":"https:\/\/jecsofa.fr\/?page_id=3496"},"modified":"2023-11-07T15:59:28","modified_gmt":"2023-11-07T14:59:28","slug":"october-2023-octobre","status":"publish","type":"page","link":"https:\/\/jecsofa.fr\/?page_id=3496","title":{"rendered":"October 2023 octobre"},"content":{"rendered":"\n<figure class=\"wp-block-image size-large\"><a href=\"https:\/\/jecsofa.fr\/wp-content\/uploads\/2023\/11\/Nov-2023-scaled.jpeg\"><img loading=\"lazy\" decoding=\"async\" width=\"1024\" height=\"567\" src=\"https:\/\/jecsofa.fr\/wp-content\/uploads\/2023\/11\/Nov-2023-1024x567.jpeg\" alt=\"\" class=\"wp-image-3495\" srcset=\"https:\/\/jecsofa.fr\/wp-content\/uploads\/2023\/11\/Nov-2023-1024x567.jpeg 1024w, https:\/\/jecsofa.fr\/wp-content\/uploads\/2023\/11\/Nov-2023-300x166.jpeg 300w, https:\/\/jecsofa.fr\/wp-content\/uploads\/2023\/11\/Nov-2023-768x425.jpeg 768w, https:\/\/jecsofa.fr\/wp-content\/uploads\/2023\/11\/Nov-2023-1536x851.jpeg 1536w, https:\/\/jecsofa.fr\/wp-content\/uploads\/2023\/11\/Nov-2023-2048x1134.jpeg 2048w, https:\/\/jecsofa.fr\/wp-content\/uploads\/2023\/11\/Nov-2023-672x372.jpeg 672w, https:\/\/jecsofa.fr\/wp-content\/uploads\/2023\/11\/Nov-2023-1038x576.jpeg 1038w\" sizes=\"auto, (max-width: 1024px) 100vw, 1024px\" \/><\/a><\/figure>\n\n\n\n<p><strong>JECSOF\/A Report for October<\/strong><\/p>\n\n\n\n<p>Our October outing was to Brantome en Perigord and a very special gourmet lunch at Le Jardin des Chouchoux. Brantome is situated in the north of the Dordogne and is a mix of medieval and renaissance<br>architecture and is noted as one of France&#8217;s \u201dPlus Beaux Detours\u201d<br>As our members came from a number of directions we met initially at 10.00 for coffee in Edon, before a 30 minute drive to Brantome. Special parking was arranged in front of the Benedictine Abbey where our Jaguars were parked up in manufacturing date order.<br><\/p>\n\n\n\n<p>Our thanks to the Mayor and Police for their cooperation.<br>The Abbey was originally built in 769 and also features troglodyte caves. The town itself is a beautiful place to visit with the river Dronne going through the centre of the town. Well worth a visit if you are holidaying in the Charente or Dordogne. After a leisurely walk around town we all met up at the lovely Le Jardin des Chouchoux where proprietors Julien and Angelique and their staff gave us a warm welcome. Julien the chef had prepared a superb lunch of 4 courses. Our thanks to everyone who made us so welcome and to John Sharp our Treasurer for the organisation. Next outing, Bordeaux Cite du Vin.<\/p>\n\n\n\n<p><strong><em>Rapport de la JECSOF\/A octobre<\/em><\/strong><\/p>\n\n\n\n<p><em>Notre sortie du mois d&#8217;octobre s&#8217;est d\u00e9roul\u00e9e \u00e0 Brant\u00f4me en P\u00e9rigord, avec un d\u00e9jeuner gastronomique tr\u00e8s sp\u00e9cial au Jardin des Chouchoux. Brant\u00f4me est situ\u00e9 dans le nord de la Dordogne et pr\u00e9sente un m\u00e9lange d&#8217;architecture m\u00e9di\u00e9vale et de renaissance. Il est consid\u00e9r\u00e9 comme l&#8217;un des &#8220;plus beaux d\u00e9tours&#8221; de France. Comme nos membres venaient de plusieurs directions, nous nous sommes d&#8217;abord retrouv\u00e9s \u00e0 10 heures pour un caf\u00e9 \u00e0 Edon, avant d&#8217;entamer un trajet de 30 minutes vers Brantome. Un parking sp\u00e9cial a \u00e9t\u00e9 organis\u00e9 devant l&#8217;Abbaye b\u00e9n\u00e9dictine o\u00f9 nos Jaguars ont \u00e9t\u00e9 gar\u00e9es dans l&#8217;ordre de leur date de fabrication.<\/em><br><\/p>\n\n\n\n<p><em>Nous remercions le maire et la police pour leur coop\u00e9ration. L&#8217;abbaye a \u00e9t\u00e9 construite en 769 et abrite des grottes troglodytiques. La ville elle-m\u00eame est un endroit magnifique \u00e0 visiter, avec la rivi\u00e8re Dronne qui traverse le centre de la ville. Une visite s&#8217;impose si vous passez vos vacances en Charente ou en Dordogne. Apr\u00e8s une promenade tranquille dans la ville, nous nous sommes tous retrouv\u00e9s au charmant Jardin des Chouchoux, o\u00f9 les propri\u00e9taires Julien et Ang\u00e9lique et leur personnel nous ont chaleureusement accueillis. Julien, le chef, avait pr\u00e9par\u00e9 un superbe d\u00e9jeuner compos\u00e9 de 4 plats. Nos remerciements \u00e0 tous ceux qui nous ont si bien accueillis et \u00e0 John Sharp, notre tr\u00e9sorier, pour<br>l&#8217;organisation. Prochaine sortie, Bordeaux Cit\u00e9 du Vin.<\/em><\/p>\n","protected":false},"excerpt":{"rendered":"<p>JECSOF\/A Report for October Our October outing was to Brantome en Perigord and a very special gourmet lunch at Le Jardin des Chouchoux. Brantome is situated in the north of the Dordogne and is a mix of medieval and renaissancearchitecture and is noted as one of France&#8217;s \u201dPlus Beaux Detours\u201dAs our members came from a &hellip; <a href=\"https:\/\/jecsofa.fr\/?page_id=3496\" class=\"more-link\">Continue reading <span class=\"screen-reader-text\">October 2023 octobre<\/span> <span class=\"meta-nav\">&rarr;<\/span><\/a><\/p>\n","protected":false},"author":1,"featured_media":0,"parent":0,"menu_order":0,"comment_status":"closed","ping_status":"closed","template":"","meta":{"footnotes":""},"class_list":["post-3496","page","type-page","status-publish","hentry"],"_links":{"self":[{"href":"https:\/\/jecsofa.fr\/index.php?rest_route=\/wp\/v2\/pages\/3496","targetHints":{"allow":["GET"]}}],"collection":[{"href":"https:\/\/jecsofa.fr\/index.php?rest_route=\/wp\/v2\/pages"}],"about":[{"href":"https:\/\/jecsofa.fr\/index.php?rest_route=\/wp\/v2\/types\/page"}],"author":[{"embeddable":true,"href":"https:\/\/jecsofa.fr\/index.php?rest_route=\/wp\/v2\/users\/1"}],"replies":[{"embeddable":true,"href":"https:\/\/jecsofa.fr\/index.php?rest_route=%2Fwp%2Fv2%2Fcomments&post=3496"}],"version-history":[{"count":1,"href":"https:\/\/jecsofa.fr\/index.php?rest_route=\/wp\/v2\/pages\/3496\/revisions"}],"predecessor-version":[{"id":3499,"href":"https:\/\/jecsofa.fr\/index.php?rest_route=\/wp\/v2\/pages\/3496\/revisions\/3499"}],"wp:attachment":[{"href":"https:\/\/jecsofa.fr\/index.php?rest_route=%2Fwp%2Fv2%2Fmedia&parent=3496"}],"curies":[{"name":"wp","href":"https:\/\/api.w.org\/{rel}","templated":true}]}}