{"id":3487,"date":"2023-10-15T08:09:26","date_gmt":"2023-10-15T07:09:26","guid":{"rendered":"https:\/\/jecsofa.fr\/?page_id=3487"},"modified":"2023-10-15T08:25:48","modified_gmt":"2023-10-15T07:25:48","slug":"september-2023-septembre","status":"publish","type":"page","link":"https:\/\/jecsofa.fr\/?page_id=3487","title":{"rendered":"SEPTEMBER 2023 SEPTEMBRE"},"content":{"rendered":"\n<figure class=\"wp-block-image size-full\"><a href=\"https:\/\/jecsofa.fr\/wp-content\/uploads\/2023\/10\/Snap-for-mag-1.jpg\"><img loading=\"lazy\" decoding=\"async\" width=\"1000\" height=\"750\" src=\"https:\/\/jecsofa.fr\/wp-content\/uploads\/2023\/10\/Snap-for-mag-1.jpg\" alt=\"\" class=\"wp-image-3492\" srcset=\"https:\/\/jecsofa.fr\/wp-content\/uploads\/2023\/10\/Snap-for-mag-1.jpg 1000w, https:\/\/jecsofa.fr\/wp-content\/uploads\/2023\/10\/Snap-for-mag-1-300x225.jpg 300w, https:\/\/jecsofa.fr\/wp-content\/uploads\/2023\/10\/Snap-for-mag-1-768x576.jpg 768w\" sizes=\"auto, (max-width: 1000px) 100vw, 1000px\" \/><\/a><\/figure>\n\n\n\n<p> <strong>JECSOF\/A Report for September<\/strong><\/p>\n\n\n\n<p>The Classic racing at the Angouleme Remparts took place over the weekend 16th \/ 17th September. As always, we parked our cars in town where a space had been allocated to us on the pedestrian precinct outside the Galleries Lafayette.<\/p>\n\n\n\n<p>We wish to thank Claude Cherloneix for the organisation parking which went smoothly. We had 16 Jaguars on show and one Bristol (?). If any cars were lacking shine we place the blame on the drought here and where washing cars could be an offence.<\/p>\n\n\n\n<p>As usual the town was filled with many other classic car clubs so there was much to see before the classic racing. But first, the reason most of us were there, lunch. As we did last year we met at the Lion Rouge where we enjoyed our meal when it eventually arrived. Apologies to Mike Horlor and others who ordered the lasagne which appeared to be a French version of baked alaska. The kitchen heated things up but this was another reason for the over long lunch.<\/p>\n\n\n\n<p>As always the afternoons racing was exciting as was the freedom to roam the pits to look at the varied selection of old vehicles. Can we encourage you to check out the Angouleme Remparts on YouTube to get a flavour of the day. The last race was cut short due to a short but heavy downpour and with 1920s vehicles lacking ABS, traction control, etc. and with narrow tyres this was probably for the best. Not to mention the cost of some of these vehicles.<\/p>\n\n\n\n<p>Next month it&#8217;s off to the beautiful town of Brant\u00f4me en P\u00e9rigord.<\/p>\n\n\n\n<p> <\/p>\n\n\n\n<p><strong><em>Rapport de la JECSOF\/A septembre<\/em><\/strong><\/p>\n\n\n\n<p><em>La course Classic des Remparts d&#8217;Angoul\u00eame s&#8217;est d\u00e9roul\u00e9e le week-end du 16\/17 septembre. Comme toujours, nous avons gar\u00e9 nos voitures en ville o\u00f9 un emplacement nous avait \u00e9t\u00e9 attribu\u00e9 sur la zone pi\u00e9tonne \u00e0 l&#8217;ext\u00e9rieur des Galeries Lafayette . Nous tenons \u00e0 remercier Claude Cherloneix pour l&#8217;organisation du parking qui s&#8217;est d\u00e9roul\u00e9 sans probl\u00e8me.<\/em><\/p>\n\n\n\n<p><br><em>Nous avions 16 Jaguars expos\u00e9es et une Bristol ( ?). Si certaines voitures manquaient d&#8217;\u00e9clat, nous le reprochons \u00e0 la s\u00e9cheresse qui s\u00e9vit ici  o\u00f9 le lavage des voitures pourrait \u00eatre un d\u00e9lit. Comme d&#8217;habitude, la ville \u00e9tait remplie de nombreux autres clubs de voitures classiques, donc beaucoup de choses \u00e0 voir avant les courses classiques.<br><\/em><br><em>Mais d&#8217;abord, la raison pour laquelle la plupart d&#8217;entre nous \u00e9taient l\u00e0, le d\u00e9jeuner. Comme l&#8217;ann\u00e9e derni\u00e8re, nous nous sommes retrouv\u00e9s au Lion Rouge o\u00f9 nous avons appr\u00e9ci\u00e9 notre repas lorsqu&#8217;il est arriv\u00e9. Toutes nos excuses \u00e0 Mike Horlor et aux autres qui ont command\u00e9 des lasagnes qui semblaient \u00eatre une version fran\u00e7aise de l&#8217;alaska cuit (Baked Alaska).\u00a0 La cuisine a bien chauff\u00e9, mais c&#8217;est une autre raison pour laquelle le d\u00e9jeuner a dur\u00e9 plus longtemps que pr\u00e9vu. Comme toujours, les courses de l&#8217;apr\u00e8s-midi ont \u00e9t\u00e9 passionnantes, tout comme la libert\u00e9 de se promener dans les stands pour regarder la s\u00e9lection vari\u00e9e de v\u00e9hicules anciens.<\/em><br><br><em>Nous vous encourageons \u00e0 regarder les Remparts d&#8217;Angoul\u00eame sur YouTube pour avoir un aper\u00e7u de la journ\u00e9e. La derni\u00e8re course a \u00e9t\u00e9 \u00e9court\u00e9e en raison d&#8217;une averse br\u00e8ve mais violente et, avec les v\u00e9hicules des ann\u00e9es 1920 d\u00e9pourvus d&#8217;ABS, d&#8217;antipatinage, etc. et de pneus \u00e9troits, c&#8217;\u00e9tait sans doute mieux ainsi. Sans parler du co\u00fbt de certains de ces v\u00e9hicules.<\/em><\/p>\n\n\n\n<p><br><em>Le mois prochain, nous nous rendrons dans la magnifique ville de Brant\u00f4me en P\u00e9rigord.<\/em><\/p>\n\n\n\n<p><\/p>\n","protected":false},"excerpt":{"rendered":"<p>JECSOF\/A Report for September The Classic racing at the Angouleme Remparts took place over the weekend 16th \/ 17th September. As always, we parked our cars in town where a space had been allocated to us on the pedestrian precinct outside the Galleries Lafayette. We wish to thank Claude Cherloneix for the organisation parking which &hellip; <a href=\"https:\/\/jecsofa.fr\/?page_id=3487\" class=\"more-link\">Continue reading <span class=\"screen-reader-text\">SEPTEMBER 2023 SEPTEMBRE<\/span> <span class=\"meta-nav\">&rarr;<\/span><\/a><\/p>\n","protected":false},"author":1,"featured_media":0,"parent":0,"menu_order":0,"comment_status":"closed","ping_status":"closed","template":"","meta":{"footnotes":""},"class_list":["post-3487","page","type-page","status-publish","hentry"],"_links":{"self":[{"href":"https:\/\/jecsofa.fr\/index.php?rest_route=\/wp\/v2\/pages\/3487","targetHints":{"allow":["GET"]}}],"collection":[{"href":"https:\/\/jecsofa.fr\/index.php?rest_route=\/wp\/v2\/pages"}],"about":[{"href":"https:\/\/jecsofa.fr\/index.php?rest_route=\/wp\/v2\/types\/page"}],"author":[{"embeddable":true,"href":"https:\/\/jecsofa.fr\/index.php?rest_route=\/wp\/v2\/users\/1"}],"replies":[{"embeddable":true,"href":"https:\/\/jecsofa.fr\/index.php?rest_route=%2Fwp%2Fv2%2Fcomments&post=3487"}],"version-history":[{"count":3,"href":"https:\/\/jecsofa.fr\/index.php?rest_route=\/wp\/v2\/pages\/3487\/revisions"}],"predecessor-version":[{"id":3494,"href":"https:\/\/jecsofa.fr\/index.php?rest_route=\/wp\/v2\/pages\/3487\/revisions\/3494"}],"wp:attachment":[{"href":"https:\/\/jecsofa.fr\/index.php?rest_route=%2Fwp%2Fv2%2Fmedia&parent=3487"}],"curies":[{"name":"wp","href":"https:\/\/api.w.org\/{rel}","templated":true}]}}